{"id":265,"date":"2025-05-08T11:27:28","date_gmt":"2025-05-08T09:27:28","guid":{"rendered":"https:\/\/scoolstory.pl\/?page_id=265"},"modified":"2025-05-08T13:24:51","modified_gmt":"2025-05-08T11:24:51","slug":"lemoniadowa-sesja-zdjeciowa-beldow-2025","status":"publish","type":"page","link":"https:\/\/scoolstory.pl\/index.php\/lemoniadowa-sesja-zdjeciowa-beldow-2025\/","title":{"rendered":"Lemoniadowa sesja zdj\u0119ciowa &#8211; Be\u0142d\u00f3w 2025"},"content":{"rendered":"\n<p class=\"wp-block-paragraph\">Sesja odb\u0119dzie si\u0119 w dniu 22 maja 2025 roku w plenerze.<\/p>\n\n\n\n<p class=\"wp-block-paragraph\">Podczas sesji b\u0119d\u0105 wykonywane zdj\u0119cia grupowe, kole\u017ce\u0144skie i indywidualne. <br>Dzieci id\u0105ce od wrze\u015bnia do szko\u0142y zapraszamy na zdj\u0119cia do legitymacji (informacja na dole strony).<\/p>\n\n\n\n<h2 class=\"wp-block-heading\"><mark style=\"background-color:rgba(0, 0, 0, 0)\" class=\"has-inline-color has-black-color\"><strong>Zgoda na wykonanie zdj\u0119\u0107<\/strong><\/mark><\/h2>\n\n\n\n<p class=\"wp-block-paragraph\"><mark style=\"background-color:rgba(0, 0, 0, 0)\" class=\"has-inline-color has-black-color\">Prosimy o podpisanie zgody na wykonanie zdj\u0119\u0107, je\u015bli \u017cyczycie sobie Pa\u0144stwo, aby Wasze dzieci zosta\u0142y sfotografowane (dotyczy r\u00f3wnie\u017c zdj\u0119cia grupowego).<br><br>Formularze do podpisania dla grup przedszkolnych znajduj\u0105 si\u0119 w szatniach.<\/mark><\/p>\n\n\n\n<p class=\"wp-block-paragraph\"><mark style=\"background-color:rgba(0, 0, 0, 0)\" class=\"has-inline-color has-black-color\">Formularz dla zer\u00f3wki znajduje si\u0119 u Pani Wychowawczyni.<\/mark><\/p>\n\n\n<div class=\"wp-block-image\">\n<figure class=\"aligncenter size-large\"><img loading=\"lazy\" decoding=\"async\" width=\"1024\" height=\"683\" src=\"http:\/\/scoolstory.pl\/wp-content\/uploads\/2025\/05\/sesja_lemoniadowa_1-1024x683.jpg\" alt=\"\" class=\"wp-image-245\" srcset=\"https:\/\/scoolstory.pl\/wp-content\/uploads\/2025\/05\/sesja_lemoniadowa_1-1024x683.jpg 1024w, https:\/\/scoolstory.pl\/wp-content\/uploads\/2025\/05\/sesja_lemoniadowa_1-300x200.jpg 300w, https:\/\/scoolstory.pl\/wp-content\/uploads\/2025\/05\/sesja_lemoniadowa_1-768x512.jpg 768w, https:\/\/scoolstory.pl\/wp-content\/uploads\/2025\/05\/sesja_lemoniadowa_1-904x603.jpg 904w, https:\/\/scoolstory.pl\/wp-content\/uploads\/2025\/05\/sesja_lemoniadowa_1.jpg 1260w\" sizes=\"auto, (max-width: 1024px) 100vw, 1024px\" \/><\/figure>\n<\/div>\n\n\n<h2 class=\"wp-block-heading\"><strong><mark style=\"background-color:rgba(0, 0, 0, 0)\" class=\"has-inline-color has-black-color\">Jak przygotowa\u0107 dziecko do sesji?<\/mark><\/strong><\/h2>\n\n\n\n<p class=\"wp-block-paragraph\"><mark style=\"background-color:rgba(0, 0, 0, 0)\" class=\"has-inline-color has-black-color\">Sesje b\u0119dzie mia\u0142a charakter letnio-lemoniadowy, dlatego prosimy, aby w dniu sesji dzieci mia\u0142y na sobie czyste obuwie oraz ubrania w kolorach pasuj\u0105cych do stylizacji.<br>\u015awietnie sprawdz\u0105 si\u0119 biele, be\u017ce, odcienie niebieskiego, zielonego, \u017c\u00f3\u0142tego i pomara\u0144czowego.<\/mark><br><mark style=\"background-color:rgba(0, 0, 0, 0)\" class=\"has-inline-color has-black-color\">Dodatkowym atrybutem mo\u017ce by\u0107 s\u0142omkowy kapelusz.<\/mark><\/p>\n\n\n\n<p class=\"wp-block-paragraph\"><mark style=\"background-color:rgba(0, 0, 0, 0)\" class=\"has-inline-color has-black-color\">Je\u015bli dziecko ma d\u0142u\u017csze w\u0142osy mo\u017ce mie\u0107 ze sob\u0105 w\u0142asny grzebie\u0144 lub szczotk\u0119 do w\u0142os\u00f3w.<\/mark><\/p>\n\n\n\n<h2 class=\"wp-block-heading\"><strong>Podgl\u0105d i p\u0142atno\u015b\u0107 za zdj\u0119cia<\/strong><\/h2>\n\n\n\n<p class=\"wp-block-paragraph\"><mark style=\"background-color:rgba(0, 0, 0, 0)\" class=\"has-inline-color has-black-color\">Po wykonaniu zdj\u0119\u0107 otrzymaj\u0105 Pa\u0144stwo od wychowawcy link i has\u0142o do galerii,&nbsp; w kt\u00f3rej b\u0119dzie mo\u017cna obejrze\u0107 i zam\u00f3wi\u0107 wybrane uj\u0119cia. Po wyborze i zam\u00f3wieniu wybranych uj\u0119\u0107 prosimy o p\u0142atno\u015b\u0107<strong> przelewem. <\/strong>Realizowane b\u0119d\u0105 tylko op\u0142acone zam\u00f3wienia.<\/mark><\/p>\n\n\n\n<h2 class=\"wp-block-heading\"><mark style=\"background-color:rgba(0, 0, 0, 0)\" class=\"has-inline-color has-black-color\"><strong>Odbi\u00f3r zdj\u0119\u0107<\/strong><\/mark><\/h2>\n\n\n\n<p class=\"wp-block-paragraph\"><mark style=\"background-color:rgba(0, 0, 0, 0)\" class=\"has-inline-color has-black-color\">W galerii internetowej ze zdj\u0119ciami znajdzie si\u0119 informacja o terminie dostarczenia wydrukowanych zdj\u0119\u0107 <strong>do przedszkola<\/strong>. Wychowawcy przeka\u017c\u0105 Pa\u0144stwu zam\u00f3wione i op\u0142acone zdj\u0119cia.<\/mark><\/p>\n\n\n\n<h2 class=\"wp-block-heading\"><strong>Cennik<\/strong> <strong>2025<\/strong><\/h2>\n\n\n\n<p class=\"wp-block-paragraph\"><mark style=\"background-color:rgba(0, 0, 0, 0)\" class=\"has-inline-color has-black-color\">Wydruk 15&#215;23 cm &#8211; 22 z\u0142 \/ szt.<br>Wydruk 20&#215;30 cm &#8211; 26 z\u0142 \/ szt.<br>*Ka\u017cda dodatkowa odbitka tego samego uj\u0119cia indywidualnego 10 z\u0142 taniej.<br><br>Wersja cyfrowa zdj\u0119cia indywidualnego &#8211; 40 z\u0142 \/ szt.<\/mark><\/p>\n\n\n\n<p class=\"wp-block-paragraph\"><mark style=\"background-color:rgba(0, 0, 0, 0)\" class=\"has-inline-color has-black-color\">DODATKOWE PRODUKTY:<br><br>magnes 9&#215;13 cm &#8211; 22 z\u0142<br>fotoobraz 20&#215;30 cm &#8211; 70 z\u0142<br>fotoobraz 30&#215;45 cm &#8211; 90 z\u0142<br>fotoobraz 40&#215;60 cm &#8211; 110 z\u0142<\/mark><\/p>\n\n\n\n<p class=\"wp-block-paragraph\">Dla zam\u00f3wie\u0144 powy\u017cej 200 z\u0142 wszystkie zam\u00f3wione do druku indywidualne zdj\u0119cia dziecka otrzymacie w wersji cyfrowej GRATIS.<\/p>\n\n\n\n<h2 class=\"wp-block-heading\"><strong>Zdj\u0119cia legitymacyjne do szko\u0142y<\/strong><\/h2>\n\n\n\n<p class=\"wp-block-paragraph\">Dzieciom z zer\u00f3wki proponujemy wykonanie zdj\u0119\u0107 legitymacyjnych. Je\u015bli \u017cycz\u0105 sobie Pa\u0144stwo, aby dziecko mia\u0142o wykonane takie zdj\u0119cie, prosimy o zaznaczenie tego w formularzu ze zgod\u0105 na wykonanie zdj\u0119\u0107 znajduj\u0105cego si\u0119 u wychowawcy.<br><br><strong>Zdj\u0119cia legitymacyjne b\u0119d\u0105 wykonywane 22 maja 2025 od samego rana w godzinach 7:45 &#8211; 8:30<\/strong> <strong>w jadalni na przeciwko sali zer\u00f3wki.<\/strong><\/p>\n\n\n\n<p class=\"wp-block-paragraph\">Prosimy o przygotowanie eleganckiej bluzki dla dziecka do zdj\u0119cia legitymacyjnego.<\/p>\n\n\n\n<p class=\"wp-block-paragraph\"><mark style=\"background-color:rgba(0, 0, 0, 0)\" class=\"has-inline-color has-black-color\">Koszt zdj\u0119cia legitymacyjnego (wydruk 4 szt. + wersja cyfrowa) &#8211; 35 z\u0142<\/mark><\/p>\n\n\n\n<figure class=\"wp-block-image size-large\"><img loading=\"lazy\" decoding=\"async\" width=\"1024\" height=\"683\" src=\"http:\/\/scoolstory.pl\/wp-content\/uploads\/2024\/09\/cropped-scoolstory_0021-scaled-1-1024x683.jpg\" alt=\"\" class=\"wp-image-28\" srcset=\"https:\/\/scoolstory.pl\/wp-content\/uploads\/2024\/09\/cropped-scoolstory_0021-scaled-1-1024x683.jpg 1024w, https:\/\/scoolstory.pl\/wp-content\/uploads\/2024\/09\/cropped-scoolstory_0021-scaled-1-300x200.jpg 300w, https:\/\/scoolstory.pl\/wp-content\/uploads\/2024\/09\/cropped-scoolstory_0021-scaled-1-768x513.jpg 768w, https:\/\/scoolstory.pl\/wp-content\/uploads\/2024\/09\/cropped-scoolstory_0021-scaled-1-904x603.jpg 904w, https:\/\/scoolstory.pl\/wp-content\/uploads\/2024\/09\/cropped-scoolstory_0021-scaled-1.jpg 1500w\" sizes=\"auto, (max-width: 1024px) 100vw, 1024px\" \/><\/figure>\n","protected":false},"excerpt":{"rendered":"<p>Sesja odb\u0119dzie si\u0119 w dniu 22 maja 2025 roku w plenerze. Podczas sesji b\u0119d\u0105 wykonywane zdj\u0119cia grupowe, kole\u017ce\u0144skie i indywidualne. Dzieci id\u0105ce od wrze\u015bnia do szko\u0142y zapraszamy na zdj\u0119cia do legitymacji (informacja na dole strony). Zgoda na wykonanie zdj\u0119\u0107 Prosimy o podpisanie zgody na wykonanie zdj\u0119\u0107, je\u015bli \u017cyczycie sobie Pa\u0144stwo, aby Wasze dzieci zosta\u0142y sfotografowane [&hellip;]<\/p>\n","protected":false},"author":1,"featured_media":0,"parent":0,"menu_order":0,"comment_status":"closed","ping_status":"closed","template":"","meta":{"footnotes":""},"class_list":["post-265","page","type-page","status-publish","hentry","content-columns-1"],"_links":{"self":[{"href":"https:\/\/scoolstory.pl\/index.php\/wp-json\/wp\/v2\/pages\/265","targetHints":{"allow":["GET"]}}],"collection":[{"href":"https:\/\/scoolstory.pl\/index.php\/wp-json\/wp\/v2\/pages"}],"about":[{"href":"https:\/\/scoolstory.pl\/index.php\/wp-json\/wp\/v2\/types\/page"}],"author":[{"embeddable":true,"href":"https:\/\/scoolstory.pl\/index.php\/wp-json\/wp\/v2\/users\/1"}],"replies":[{"embeddable":true,"href":"https:\/\/scoolstory.pl\/index.php\/wp-json\/wp\/v2\/comments?post=265"}],"version-history":[{"count":14,"href":"https:\/\/scoolstory.pl\/index.php\/wp-json\/wp\/v2\/pages\/265\/revisions"}],"predecessor-version":[{"id":281,"href":"https:\/\/scoolstory.pl\/index.php\/wp-json\/wp\/v2\/pages\/265\/revisions\/281"}],"wp:attachment":[{"href":"https:\/\/scoolstory.pl\/index.php\/wp-json\/wp\/v2\/media?parent=265"}],"curies":[{"name":"wp","href":"https:\/\/api.w.org\/{rel}","templated":true}]}}

Lemoniadowa sesja zdjęciowa &#8211; Bełdów 2025

<p class="wp-block-paragraph">Sesja odbędzie się w dniu 22 maja 2025 roku w plenerze.</p>



<p class="wp-block-paragraph">Podczas sesji będą wykonywane zdjęcia grupowe, koleżeńskie i indywidualne. <br>Dzieci idące od września do szkoły zapraszamy na zdjęcia do legitymacji (informacja na dole strony).</p>



<h2 class="wp-block-heading"><mark style="background-color:rgba(0, 0, 0, 0)" class="has-inline-color has-black-color"><strong>Zgoda na wykonanie zdjęć</strong></mark></h2>



<p class="wp-block-paragraph"><mark style="background-color:rgba(0, 0, 0, 0)" class="has-inline-color has-black-color">Prosimy o podpisanie zgody na wykonanie zdjęć, jeśli życzycie sobie Państwo, aby Wasze dzieci zostały sfotografowane (dotyczy również zdjęcia grupowego).<br><br>Formularze do podpisania dla grup przedszkolnych znajdują się w szatniach.</mark></p>



<p class="wp-block-paragraph"><mark style="background-color:rgba(0, 0, 0, 0)" class="has-inline-color has-black-color">Formularz dla zerówki znajduje się u Pani Wychowawczyni.</mark></p>


<div class="wp-block-image">
<figure class="aligncenter size-large"><img loading="lazy" decoding="async" width="1024" height="683" src="http://scoolstory.pl/wp-content/uploads/2025/05/sesja_lemoniadowa_1-1024x683.jpg" alt="" class="wp-image-245" srcset="https://scoolstory.pl/wp-content/uploads/2025/05/sesja_lemoniadowa_1-1024x683.jpg 1024w, https://scoolstory.pl/wp-content/uploads/2025/05/sesja_lemoniadowa_1-300x200.jpg 300w, https://scoolstory.pl/wp-content/uploads/2025/05/sesja_lemoniadowa_1-768x512.jpg 768w, https://scoolstory.pl/wp-content/uploads/2025/05/sesja_lemoniadowa_1-904x603.jpg 904w, https://scoolstory.pl/wp-content/uploads/2025/05/sesja_lemoniadowa_1.jpg 1260w" sizes="auto, (max-width: 1024px) 100vw, 1024px" /></figure>
</div>


<h2 class="wp-block-heading"><strong><mark style="background-color:rgba(0, 0, 0, 0)" class="has-inline-color has-black-color">Jak przygotować dziecko do sesji?</mark></strong></h2>



<p class="wp-block-paragraph"><mark style="background-color:rgba(0, 0, 0, 0)" class="has-inline-color has-black-color">Sesje będzie miała charakter letnio-lemoniadowy, dlatego prosimy, aby w dniu sesji dzieci miały na sobie czyste obuwie oraz ubrania w kolorach pasujących do stylizacji.<br>Świetnie sprawdzą się biele, beże, odcienie niebieskiego, zielonego, żółtego i pomarańczowego.</mark><br><mark style="background-color:rgba(0, 0, 0, 0)" class="has-inline-color has-black-color">Dodatkowym atrybutem może być słomkowy kapelusz.</mark></p>



<p class="wp-block-paragraph"><mark style="background-color:rgba(0, 0, 0, 0)" class="has-inline-color has-black-color">Jeśli dziecko ma dłuższe włosy może mieć ze sobą własny grzebień lub szczotkę do włosów.</mark></p>



<h2 class="wp-block-heading"><strong>Podgląd i płatność za zdjęcia</strong></h2>



<p class="wp-block-paragraph"><mark style="background-color:rgba(0, 0, 0, 0)" class="has-inline-color has-black-color">Po wykonaniu zdjęć otrzymają Państwo od wychowawcy link i hasło do galerii,&nbsp; w której będzie można obejrzeć i zamówić wybrane ujęcia. Po wyborze i zamówieniu wybranych ujęć prosimy o płatność<strong> przelewem. </strong>Realizowane będą tylko opłacone zamówienia.</mark></p>



<h2 class="wp-block-heading"><mark style="background-color:rgba(0, 0, 0, 0)" class="has-inline-color has-black-color"><strong>Odbiór zdjęć</strong></mark></h2>



<p class="wp-block-paragraph"><mark style="background-color:rgba(0, 0, 0, 0)" class="has-inline-color has-black-color">W galerii internetowej ze zdjęciami znajdzie się informacja o terminie dostarczenia wydrukowanych zdjęć <strong>do przedszkola</strong>. Wychowawcy przekażą Państwu zamówione i opłacone zdjęcia.</mark></p>



<h2 class="wp-block-heading"><strong>Cennik</strong> <strong>2025</strong></h2>



<p class="wp-block-paragraph"><mark style="background-color:rgba(0, 0, 0, 0)" class="has-inline-color has-black-color">Wydruk 15&#215;23 cm &#8211; 22 zł / szt.<br>Wydruk 20&#215;30 cm &#8211; 26 zł / szt.<br>*Każda dodatkowa odbitka tego samego ujęcia indywidualnego 10 zł taniej.<br><br>Wersja cyfrowa zdjęcia indywidualnego &#8211; 40 zł / szt.</mark></p>



<p class="wp-block-paragraph"><mark style="background-color:rgba(0, 0, 0, 0)" class="has-inline-color has-black-color">DODATKOWE PRODUKTY:<br><br>magnes 9&#215;13 cm &#8211; 22 zł<br>fotoobraz 20&#215;30 cm &#8211; 70 zł<br>fotoobraz 30&#215;45 cm &#8211; 90 zł<br>fotoobraz 40&#215;60 cm &#8211; 110 zł</mark></p>



<p class="wp-block-paragraph">Dla zamówień powyżej 200 zł wszystkie zamówione do druku indywidualne zdjęcia dziecka otrzymacie w wersji cyfrowej GRATIS.</p>



<h2 class="wp-block-heading"><strong>Zdjęcia legitymacyjne do szkoły</strong></h2>



<p class="wp-block-paragraph">Dzieciom z zerówki proponujemy wykonanie zdjęć legitymacyjnych. Jeśli życzą sobie Państwo, aby dziecko miało wykonane takie zdjęcie, prosimy o zaznaczenie tego w formularzu ze zgodą na wykonanie zdjęć znajdującego się u wychowawcy.<br><br><strong>Zdjęcia legitymacyjne będą wykonywane 22 maja 2025 od samego rana w godzinach 7:45 &#8211; 8:30</strong> <strong>w jadalni na przeciwko sali zerówki.</strong></p>



<p class="wp-block-paragraph">Prosimy o przygotowanie eleganckiej bluzki dla dziecka do zdjęcia legitymacyjnego.</p>



<p class="wp-block-paragraph"><mark style="background-color:rgba(0, 0, 0, 0)" class="has-inline-color has-black-color">Koszt zdjęcia legitymacyjnego (wydruk 4 szt. + wersja cyfrowa) &#8211; 35 zł</mark></p>



<figure class="wp-block-image size-large"><img loading="lazy" decoding="async" width="1024" height="683" src="http://scoolstory.pl/wp-content/uploads/2024/09/cropped-scoolstory_0021-scaled-1-1024x683.jpg" alt="" class="wp-image-28" srcset="https://scoolstory.pl/wp-content/uploads/2024/09/cropped-scoolstory_0021-scaled-1-1024x683.jpg 1024w, https://scoolstory.pl/wp-content/uploads/2024/09/cropped-scoolstory_0021-scaled-1-300x200.jpg 300w, https://scoolstory.pl/wp-content/uploads/2024/09/cropped-scoolstory_0021-scaled-1-768x513.jpg 768w, https://scoolstory.pl/wp-content/uploads/2024/09/cropped-scoolstory_0021-scaled-1-904x603.jpg 904w, https://scoolstory.pl/wp-content/uploads/2024/09/cropped-scoolstory_0021-scaled-1.jpg 1500w" sizes="auto, (max-width: 1024px) 100vw, 1024px" /></figure>

<p>Sesja odbędzie się w dniu 22 maja 2025 roku w plenerze. Podczas sesji będą wykonywane zdjęcia grupowe, koleżeńskie i indywidualne. Dzieci idące od września do szkoły zapraszamy na zdjęcia do legitymacji (informacja na dole strony). Zgoda na wykonanie zdjęć Prosimy o podpisanie zgody na wykonanie zdjęć, jeśli życzycie sobie Państwo, aby Wasze dzieci zostały sfotografowane [&hellip;]</p>
