{"id":454,"date":"2025-10-06T13:27:58","date_gmt":"2025-10-06T11:27:58","guid":{"rendered":"https:\/\/scoolstory.pl\/?page_id=454"},"modified":"2025-10-06T13:27:58","modified_gmt":"2025-10-06T11:27:58","slug":"sesja-zimowa-kolorowe-klocki","status":"publish","type":"page","link":"https:\/\/scoolstory.pl\/index.php\/sesja-zimowa-kolorowe-klocki\/","title":{"rendered":"Sesja zimowa &#8211; Kolorowe Klocki"},"content":{"rendered":"\n<h2 class=\"wp-block-heading\">Zgoda na wykonanie zdj\u0119\u0107<\/h2>\n\n\n\n<p class=\"wp-block-paragraph\"><mark style=\"background-color:rgba(0, 0, 0, 0)\" class=\"has-inline-color has-black-color\">Prosimy o podpisanie zgody na wykonanie zdj\u0119\u0107 (dost\u0119pnej w przedszkolu), je\u015bli \u017cyczycie sobie Pa\u0144stwo, aby Wasze dzieci zosta\u0142y sfotografowane. <\/mark><\/p>\n\n\n\n<figure class=\"wp-block-image size-full\"><img loading=\"lazy\" decoding=\"async\" width=\"1024\" height=\"683\" src=\"http:\/\/scoolstory.pl\/wp-content\/uploads\/2025\/09\/ala_3_0280-copy.jpg\" alt=\"\" class=\"wp-image-412\" srcset=\"https:\/\/scoolstory.pl\/wp-content\/uploads\/2025\/09\/ala_3_0280-copy.jpg 1024w, https:\/\/scoolstory.pl\/wp-content\/uploads\/2025\/09\/ala_3_0280-copy-300x200.jpg 300w, https:\/\/scoolstory.pl\/wp-content\/uploads\/2025\/09\/ala_3_0280-copy-768x512.jpg 768w, https:\/\/scoolstory.pl\/wp-content\/uploads\/2025\/09\/ala_3_0280-copy-904x603.jpg 904w\" sizes=\"auto, (max-width: 1024px) 100vw, 1024px\" \/><\/figure>\n\n\n\n<h2 class=\"wp-block-heading\"><strong><mark style=\"background-color:rgba(0, 0, 0, 0)\" class=\"has-inline-color has-black-color\">Jak przygotowa\u0107 dziecko do sesji?<\/mark><\/strong><\/h2>\n\n\n\n<p class=\"wp-block-paragraph\"><mark style=\"background-color:rgba(0, 0, 0, 0)\" class=\"has-inline-color has-black-color\">Prosimy, aby w dniu sesji dzieci by\u0142y ubrane w kolory pasuj\u0105ce do stylizacji: be\u017ce \/ ecru \/ biele \/ b\u0142\u0119kity itp.<br><\/mark><br><mark style=\"background-color:rgba(0, 0, 0, 0)\" class=\"has-inline-color has-black-color\">Scenka ma charakter zimowego podw\u00f3rka, dlatego mile widziane b\u0119d\u0105 akcenty stroju zimowego np. futrzane kamizelki \/ czapy \/ nauszniki, szaliki, r\u0119kawiczki itp.<\/mark><br><mark style=\"background-color:rgba(0, 0, 0, 0)\" class=\"has-inline-color has-black-color\"><br>Na czas wykonywania zdj\u0119\u0107 dzieci mog\u0105 zmieni\u0107 przedszkolne obuwie na czyste buty zimowe \/ kozaki.<br><br>Je\u015bli dziecko ma d\u0142u\u017csze w\u0142osy warto, \u017ceby mia\u0142o ze sob\u0105 w\u0142asny grzebie\u0144 lub szczotk\u0119 do w\u0142os\u00f3w.<\/mark><\/p>\n\n\n\n<figure class=\"wp-block-image size-full\"><img loading=\"lazy\" decoding=\"async\" width=\"1024\" height=\"683\" src=\"http:\/\/scoolstory.pl\/wp-content\/uploads\/2025\/09\/ala_3_1535-copy.jpg\" alt=\"\" class=\"wp-image-415\" srcset=\"https:\/\/scoolstory.pl\/wp-content\/uploads\/2025\/09\/ala_3_1535-copy.jpg 1024w, https:\/\/scoolstory.pl\/wp-content\/uploads\/2025\/09\/ala_3_1535-copy-300x200.jpg 300w, https:\/\/scoolstory.pl\/wp-content\/uploads\/2025\/09\/ala_3_1535-copy-768x512.jpg 768w, https:\/\/scoolstory.pl\/wp-content\/uploads\/2025\/09\/ala_3_1535-copy-904x603.jpg 904w\" sizes=\"auto, (max-width: 1024px) 100vw, 1024px\" \/><\/figure>\n\n\n\n<h2 class=\"wp-block-heading\"><mark style=\"background-color:rgba(0, 0, 0, 0)\" class=\"has-inline-color has-black-color\"><strong>Podgl\u0105d i p\u0142atno\u015b\u0107 za zdj\u0119cia<\/strong><\/mark><\/h2>\n\n\n\n<p class=\"wp-block-paragraph\"><mark style=\"background-color:rgba(0, 0, 0, 0)\" class=\"has-inline-color has-black-color\">Po wykonaniu zdj\u0119\u0107 otrzymaj\u0105 Pa\u0144stwo od wychowawcy link i has\u0142o do galerii,&nbsp; w kt\u00f3rej b\u0119dzie mo\u017cna obejrze\u0107 i zam\u00f3wi\u0107 wybrane uj\u0119cia. Po wyborze i zam\u00f3wieniu wybranych uj\u0119\u0107 prosimy o p\u0142atno\u015b\u0107<strong> przelewem. <\/strong>Realizowane b\u0119d\u0105 tylko op\u0142acone zam\u00f3wienia.<\/mark><\/p>\n\n\n\n<h2 class=\"wp-block-heading\"><mark style=\"background-color:rgba(0, 0, 0, 0)\" class=\"has-inline-color has-black-color\"><strong>Odbi\u00f3r zdj\u0119\u0107<\/strong><\/mark><\/h2>\n\n\n\n<p class=\"wp-block-paragraph\"><mark style=\"background-color:rgba(0, 0, 0, 0)\" class=\"has-inline-color has-black-color\">W galerii internetowej ze zdj\u0119ciami znajdzie si\u0119 informacja o terminie dostarczenia wydrukowanych zdj\u0119\u0107 <strong>do przedszkola<\/strong>. Wychowawcy przeka\u017c\u0105 zdj\u0119cia dzieciom.<\/mark><\/p>\n\n\n\n<h2 class=\"wp-block-heading\"><strong><mark style=\"background-color:rgba(0, 0, 0, 0)\" class=\"has-inline-color has-black-color\">Cennik 2024\/25<\/mark><\/strong><\/h2>\n\n\n\n<p class=\"wp-block-paragraph\"><mark style=\"background-color:rgba(0, 0, 0, 0)\" class=\"has-inline-color has-black-color\">Wydruk 15&#215;23 cm &#8211; 24 z\u0142 \/ szt.<br>Wydruk 20&#215;30 cm &#8211; 28 z\u0142 \/ szt.<br>*Ka\u017cda dodatkowa odbitka tego samego uj\u0119cia indywidualnego 10 z\u0142 taniej.<br><br>Wersja cyfrowa zdj\u0119cia indywidualnego &#8211; 35 z\u0142 \/ szt.<\/mark><\/p>\n\n\n\n<p class=\"wp-block-paragraph\"><mark style=\"background-color:rgba(0, 0, 0, 0)\" class=\"has-inline-color has-black-color\">FOTOMAGNES 9&#215;13 cm &#8211; 22 z\u0142 \/ szt.<br>OBRAZ NA P\u0141\u00d3TNIE 20&#215;30 cm &#8211; 70 z\u0142 \/ szt.<br>OBRAZ NA P\u0141\u00d3TNIE 30&#215;45 cm &#8211; 90 z\u0142 \/ szt.<br><br><strong>Dla zam\u00f3wie\u0144 powy\u017cej 200 z\u0142<\/strong> wszystkie zam\u00f3wione do druku indywidualne zdj\u0119cia dziecka otrzymaj\u0105 Pa\u0144stwo GRATIS w wersji cyfrowej.<\/mark><\/p>\n\n\n\n<figure class=\"wp-block-image size-full\"><img loading=\"lazy\" decoding=\"async\" width=\"1024\" height=\"683\" src=\"http:\/\/scoolstory.pl\/wp-content\/uploads\/2025\/09\/321_3_ALA-copy.jpg\" alt=\"\" class=\"wp-image-406\" srcset=\"https:\/\/scoolstory.pl\/wp-content\/uploads\/2025\/09\/321_3_ALA-copy.jpg 1024w, https:\/\/scoolstory.pl\/wp-content\/uploads\/2025\/09\/321_3_ALA-copy-300x200.jpg 300w, https:\/\/scoolstory.pl\/wp-content\/uploads\/2025\/09\/321_3_ALA-copy-768x512.jpg 768w, https:\/\/scoolstory.pl\/wp-content\/uploads\/2025\/09\/321_3_ALA-copy-904x603.jpg 904w\" sizes=\"auto, (max-width: 1024px) 100vw, 1024px\" \/><\/figure>\n","protected":false},"excerpt":{"rendered":"<p>Zgoda na wykonanie zdj\u0119\u0107 Prosimy o podpisanie zgody na wykonanie zdj\u0119\u0107 (dost\u0119pnej w przedszkolu), je\u015bli \u017cyczycie sobie Pa\u0144stwo, aby Wasze dzieci zosta\u0142y sfotografowane. Jak przygotowa\u0107 dziecko do sesji? Prosimy, aby w dniu sesji dzieci by\u0142y ubrane w kolory pasuj\u0105ce do stylizacji: be\u017ce \/ ecru \/ biele \/ b\u0142\u0119kity itp.Scenka ma charakter zimowego podw\u00f3rka, dlatego mile [&hellip;]<\/p>\n","protected":false},"author":1,"featured_media":0,"parent":0,"menu_order":0,"comment_status":"closed","ping_status":"closed","template":"","meta":{"footnotes":""},"class_list":["post-454","page","type-page","status-publish","hentry","content-columns-1"],"_links":{"self":[{"href":"https:\/\/scoolstory.pl\/index.php\/wp-json\/wp\/v2\/pages\/454","targetHints":{"allow":["GET"]}}],"collection":[{"href":"https:\/\/scoolstory.pl\/index.php\/wp-json\/wp\/v2\/pages"}],"about":[{"href":"https:\/\/scoolstory.pl\/index.php\/wp-json\/wp\/v2\/types\/page"}],"author":[{"embeddable":true,"href":"https:\/\/scoolstory.pl\/index.php\/wp-json\/wp\/v2\/users\/1"}],"replies":[{"embeddable":true,"href":"https:\/\/scoolstory.pl\/index.php\/wp-json\/wp\/v2\/comments?post=454"}],"version-history":[{"count":3,"href":"https:\/\/scoolstory.pl\/index.php\/wp-json\/wp\/v2\/pages\/454\/revisions"}],"predecessor-version":[{"id":457,"href":"https:\/\/scoolstory.pl\/index.php\/wp-json\/wp\/v2\/pages\/454\/revisions\/457"}],"wp:attachment":[{"href":"https:\/\/scoolstory.pl\/index.php\/wp-json\/wp\/v2\/media?parent=454"}],"curies":[{"name":"wp","href":"https:\/\/api.w.org\/{rel}","templated":true}]}}

<h2 class="wp-block-heading">Zgoda na wykonanie zdjęć</h2>



<p class="wp-block-paragraph"><mark style="background-color:rgba(0, 0, 0, 0)" class="has-inline-color has-black-color">Prosimy o podpisanie zgody na wykonanie zdjęć (dostępnej w przedszkolu), jeśli życzycie sobie Państwo, aby Wasze dzieci zostały sfotografowane. </mark></p>



<figure class="wp-block-image size-full"><img loading="lazy" decoding="async" width="1024" height="683" src="http://scoolstory.pl/wp-content/uploads/2025/09/ala_3_0280-copy.jpg" alt="" class="wp-image-412" srcset="https://scoolstory.pl/wp-content/uploads/2025/09/ala_3_0280-copy.jpg 1024w, https://scoolstory.pl/wp-content/uploads/2025/09/ala_3_0280-copy-300x200.jpg 300w, https://scoolstory.pl/wp-content/uploads/2025/09/ala_3_0280-copy-768x512.jpg 768w, https://scoolstory.pl/wp-content/uploads/2025/09/ala_3_0280-copy-904x603.jpg 904w" sizes="auto, (max-width: 1024px) 100vw, 1024px" /></figure>



<h2 class="wp-block-heading"><strong><mark style="background-color:rgba(0, 0, 0, 0)" class="has-inline-color has-black-color">Jak przygotować dziecko do sesji?</mark></strong></h2>



<p class="wp-block-paragraph"><mark style="background-color:rgba(0, 0, 0, 0)" class="has-inline-color has-black-color">Prosimy, aby w dniu sesji dzieci były ubrane w kolory pasujące do stylizacji: beże / ecru / biele / błękity itp.<br></mark><br><mark style="background-color:rgba(0, 0, 0, 0)" class="has-inline-color has-black-color">Scenka ma charakter zimowego podwórka, dlatego mile widziane będą akcenty stroju zimowego np. futrzane kamizelki / czapy / nauszniki, szaliki, rękawiczki itp.</mark><br><mark style="background-color:rgba(0, 0, 0, 0)" class="has-inline-color has-black-color"><br>Na czas wykonywania zdjęć dzieci mogą zmienić przedszkolne obuwie na czyste buty zimowe / kozaki.<br><br>Jeśli dziecko ma dłuższe włosy warto, żeby miało ze sobą własny grzebień lub szczotkę do włosów.</mark></p>



<figure class="wp-block-image size-full"><img loading="lazy" decoding="async" width="1024" height="683" src="http://scoolstory.pl/wp-content/uploads/2025/09/ala_3_1535-copy.jpg" alt="" class="wp-image-415" srcset="https://scoolstory.pl/wp-content/uploads/2025/09/ala_3_1535-copy.jpg 1024w, https://scoolstory.pl/wp-content/uploads/2025/09/ala_3_1535-copy-300x200.jpg 300w, https://scoolstory.pl/wp-content/uploads/2025/09/ala_3_1535-copy-768x512.jpg 768w, https://scoolstory.pl/wp-content/uploads/2025/09/ala_3_1535-copy-904x603.jpg 904w" sizes="auto, (max-width: 1024px) 100vw, 1024px" /></figure>



<h2 class="wp-block-heading"><mark style="background-color:rgba(0, 0, 0, 0)" class="has-inline-color has-black-color"><strong>Podgląd i płatność za zdjęcia</strong></mark></h2>



<p class="wp-block-paragraph"><mark style="background-color:rgba(0, 0, 0, 0)" class="has-inline-color has-black-color">Po wykonaniu zdjęć otrzymają Państwo od wychowawcy link i hasło do galerii,&nbsp; w której będzie można obejrzeć i zamówić wybrane ujęcia. Po wyborze i zamówieniu wybranych ujęć prosimy o płatność<strong> przelewem. </strong>Realizowane będą tylko opłacone zamówienia.</mark></p>



<h2 class="wp-block-heading"><mark style="background-color:rgba(0, 0, 0, 0)" class="has-inline-color has-black-color"><strong>Odbiór zdjęć</strong></mark></h2>



<p class="wp-block-paragraph"><mark style="background-color:rgba(0, 0, 0, 0)" class="has-inline-color has-black-color">W galerii internetowej ze zdjęciami znajdzie się informacja o terminie dostarczenia wydrukowanych zdjęć <strong>do przedszkola</strong>. Wychowawcy przekażą zdjęcia dzieciom.</mark></p>



<h2 class="wp-block-heading"><strong><mark style="background-color:rgba(0, 0, 0, 0)" class="has-inline-color has-black-color">Cennik 2024/25</mark></strong></h2>



<p class="wp-block-paragraph"><mark style="background-color:rgba(0, 0, 0, 0)" class="has-inline-color has-black-color">Wydruk 15&#215;23 cm &#8211; 24 zł / szt.<br>Wydruk 20&#215;30 cm &#8211; 28 zł / szt.<br>*Każda dodatkowa odbitka tego samego ujęcia indywidualnego 10 zł taniej.<br><br>Wersja cyfrowa zdjęcia indywidualnego &#8211; 35 zł / szt.</mark></p>



<p class="wp-block-paragraph"><mark style="background-color:rgba(0, 0, 0, 0)" class="has-inline-color has-black-color">FOTOMAGNES 9&#215;13 cm &#8211; 22 zł / szt.<br>OBRAZ NA PŁÓTNIE 20&#215;30 cm &#8211; 70 zł / szt.<br>OBRAZ NA PŁÓTNIE 30&#215;45 cm &#8211; 90 zł / szt.<br><br><strong>Dla zamówień powyżej 200 zł</strong> wszystkie zamówione do druku indywidualne zdjęcia dziecka otrzymają Państwo GRATIS w wersji cyfrowej.</mark></p>



<figure class="wp-block-image size-full"><img loading="lazy" decoding="async" width="1024" height="683" src="http://scoolstory.pl/wp-content/uploads/2025/09/321_3_ALA-copy.jpg" alt="" class="wp-image-406" srcset="https://scoolstory.pl/wp-content/uploads/2025/09/321_3_ALA-copy.jpg 1024w, https://scoolstory.pl/wp-content/uploads/2025/09/321_3_ALA-copy-300x200.jpg 300w, https://scoolstory.pl/wp-content/uploads/2025/09/321_3_ALA-copy-768x512.jpg 768w, https://scoolstory.pl/wp-content/uploads/2025/09/321_3_ALA-copy-904x603.jpg 904w" sizes="auto, (max-width: 1024px) 100vw, 1024px" /></figure>

<p>Zgoda na wykonanie zdjęć Prosimy o podpisanie zgody na wykonanie zdjęć (dostępnej w przedszkolu), jeśli życzycie sobie Państwo, aby Wasze dzieci zostały sfotografowane. Jak przygotować dziecko do sesji? Prosimy, aby w dniu sesji dzieci były ubrane w kolory pasujące do stylizacji: beże / ecru / biele / błękity itp.Scenka ma charakter zimowego podwórka, dlatego mile [&hellip;]</p>
